). Is 25786/12 - (r/36 - 7) a prime number?
False
Suppose -15532 + 24347 = 190*j - 21205. Suppose -4*u + 897 + 3291 = 0. Let c = u - j. Is c prime?
False
Suppose -35*q - 3578363 + 22681395 = 17*q. Is q a prime number?
False
Suppose 5*q + 439850 = 5*o, o + 37*q = 41*q + 87949. Is o a prime number?
True
Let b(a) be the second derivative of 13*a**3/3 - 19*a**2/2 - 2*a. Suppose -4*f - 16 = 0, -2*d + 29 = -d - 5*f. Is b(d) a prime number?
False
Suppose 0 = 4*g - 25760 + 1252. Is g a prime number?
False
Suppose -602789 = -60*f + 20*f + 29*f. Is f prime?
True
Suppose 0*l - s - 324 = 4*l, 0 = l - s + 86. Let o = l + 42. Is 10/o - (-1)/(8/2610) a composite number?
True
Let r(l) = 319*l - 18. Let o be r(5). Let z(j) = j**2 - 20*j + 33. Let a be z(19). Suppose a*u = 15*u - o. Is u prime?
False
Let u(s) = 2*s**3 - 8*s**2 + 2*s + 2. Let z(o) = o**2 + 7*o - 28. Let w(y) = 1. Let g(k) = 4*w(k) + z(k). Let r be g(-10). Is u(r) prime?
False
Let r = 96 + -93. Suppose -3*d + r*f + 4380 = 0, -24*d + 19*d - f + 7330 = 0. Is d prime?
False
Suppose 5*m - 15 = 0, 2*g - 5*g + 4*m + 1785 = 0. Suppose h - 1770 = -g. Is h composite?
False
Suppose q - 1 = 2*q + 3*x, -2*x = -3*q + 30. Is 2204 - (-4 + 5 + q/4) prime?
False
Suppose 8*k - 24 = 5*k. Suppose -a + 2*a = 12. Suppose 644 = -k*j + a*j. Is j a prime number?
False
Let f(b) = 123*b**3 + 6*b**2 - 2*b + 2. Let t(c) = c**2 + 10*c - 9. Let h be t(-11). Is f(h) a prime number?
False
Let t = 7984 - 5272. Suppose -3*n - 47611 = -5*g, 2*n + 6813 + t = g. Is g a composite number?
False
Let c = -1 - -7. Suppose 8 = c*m - 4. Suppose -m*g - 1869 = -9*g. Is g a prime number?
False
Suppose 2*r - 2139 + 521 = 0. Suppose 51*m = 35*m. Suppose m*z - z = -r. Is z prime?
True
Let n = 293514 - -218267. Is n prime?
False
Let c(x) = 251*x + 15. Let d(n) = 5*n - 5. Let u be d(2). Let z be c(u). Let o = z - 84. Is o prime?
False
Let a = -220 + 192. Is a*(4/32)/(1/(-106)) a composite number?
True
Suppose -1824 = y + 14730. Let z be (-8)/20 - (y/10 + 2). Suppose 4*m = z - 289. Is m prime?
False
Let o(w) = w**3 + 3*w**2 - 5*w - 1. Let j be o(4). Let k = -156 - -336. Let n = k - j. Is n composite?
False
Let u(j) be the first derivative of -1/2*j**2 + 317*j + 12. Is u(0) a prime number?
True
Let f(t) = -1017*t + 1718. Is f(-39) a prime number?
True
Let f(t) = 47258*t**3 + 5*t**2 + t - 1. Is f(2) prime?
False
Let p = -145 + 147. Suppose 2*k - 9264 = -2*n, 2*k + p*n + 4647 = 3*k. Is k a composite number?
False
Let d(g) = -7*g - 10. Let o be d(6). Let p = -49 - o. Suppose -p*c = -2*t + 231, t + 2*c - 4*c - 113 = 0. Is t a prime number?
False
Let i = 4 - 0. Let x be (-1 + -3 + 30)*i. Is (-13)/x + (-12345)/(-8) prime?
True
Let q = 15652 + -2357. Suppose -205*k + 204*k + q = 0. Is k composite?
True
Let a = -27 + 37. Let t(f) = 3*f - 42. Let w be t(a). Is (3496 - 1) + 10 + w prime?
False
Let n be ((-30)/(-20))/(3/24). Suppose -6 = 2*c - c - 4*o, -n = -3*o. Suppose 4*m - 1784 = -4*r, -4*m = -2*m + c. Is r a composite number?
True
Let g be 6*(-2)/(-4)*(-4)/(-3). Suppose o + x - 76144 = -2*o, g*o - 101552 = 4*x. Is o a composite number?
True
Let u be (-2163 + -2)*21/35. Let y = u - -4018. Is y a prime number?
True
Let w be ((-2815932)/126)/(4/(-6)). Let y = w + -22878. Is y a composite number?
True
Suppose -1677*p + 840*p + 840*p + 9 = 0. Suppose -4 = 3*h - 19. Is p/h - (-18044)/65 a prime number?
True
Let d = 9795 - 14428. Let u = 3120 - d. Is u composite?
False
Suppose 7094785 = 23*l - 2738690 - 2832602. Is l a prime number?
False
Suppose -2*p + 6 = 2*z - 10, 18 = 3*p + z. Suppose 6*w + 55 = 9*w - d, -p = -d. Is (w/(-6))/((-18)/3537) composite?
True
Let b = 5 - 6. Let k(t) = 1189*t**2 + 6*t + 6. Is k(b) prime?
False
Let c(n) be the second derivative of -73*n**3/6 + 49*n**2 + 7*n - 2. Is c(-35) prime?
False
Is 2 - 70398*(-12)/24 a composite number?
False
Let u(q) = 13 - 12*q + 8*q + 35 + 7*q. Let g be u(-11). Suppose 3542 = g*w - 3643. Is w a composite number?
False
Let c = 95424 - 61415. Is c a composite number?
True
Let r be ((-2874)/4)/((-225)/(-1200)). Let n = 7566 + r. Is n composite?
True
Let u = 52940 - 12675. Is u a composite number?
True
Let z be ((-2 - -1) + 16 + 404)*9. Suppose c = k - 1265, 3*k + c - z = -2*c. Is k composite?
True
Suppose 6*i - 8*i = -13654. Let w = 11794 - i. Is w composite?
False
Suppose -5*l + 8 - 63 = 0. Let y(c) = 3*c**2 - 8*c**2 + 12 + c**2 - 12*c + 3*c**2. Is y(l) a composite number?
False
Suppose -4*w + 3116 = 4*v + 904, -2*v + 553 = w. Suppose -o + 465 = -w. Suppose 4*p + o = 3182. Is p composite?
False
Is (4/((-128)/168172))/(190/(-1520)) composite?
False
Is 8 - (-224)/(-24) - ((-14275064)/(-12))/(-2) a composite number?
False
Suppose -6*s - 20*s + 7254614 = 20*s. Is s a composite number?
True
Let n = -131 - -924. Suppose -3*q = 2*q - 7200. Let s = q - n. Is s prime?
True
Let r = -5 - -13. Let u be 22/(2/15 - (-13248)/(-101385)). Suppose -u = -3*d - r*d. Is d prime?
True
Suppose -968831 = -2*p - 3*j, -2*j = 5*p + 45614 - 2467719. Is p a composite number?
True
Suppose -26*h + 27911 = -70863. Is h composite?
True
Suppose 31*f - 657113 = 483966. Is f composite?
False
Suppose 3*j - 3*x = 379062, -151056 = -3*j - x + 228026. Is j composite?
False
Is (-3)/(12/(-459184)) + 1 a prime number?
True
Suppose z = 5*o + 147111, -57*z + 53*z - 5*o = -588494. Is z composite?
True
Suppose 4*m - 2*w + 2 = -4, 3*m + 5*w - 2 = 0. Let d be 1 + (0 + m - -81). Suppose 0 = 3*c - l - 73, 3*c = 3*l - 0*l + d. Is c prime?
True
Let q be 1 - (1 + -3 + (0 - 3)). Let h be (-7 + 4 - -6)/(q/(-8)). Is 3857/21 - h/3 prime?
False
Let u(j) = 266*j - 53. Let k be (1240/24)/5 + (-5)/(-3). Is u(k) prime?
False
Suppose -1038 = 28*x + 390. Is (-17)/x + 43732/6 a prime number?
False
Let s be 2/(6/(-48)*2). Is (-54426)/(-8) + 0 + 2/s prime?
True
Is (118370 - (-7 + 2))*1 + -6 a prime number?
True
Let b be (0 - 5)*(-1 - -4)/(-3). Suppose 5*p - 8825 = -b*z - 0*p, 3 = p. Let v = z + -849. Is v a prime number?
False
Let t be -2 + 9 + 63/9. Is (-144)/(-252) - (-11178)/t composite?
True
Let s(q) = -2618*q**3 + 2*q**2 - 13*q + 36. Is s(-5) composite?
False
Let i(b) be the second derivative of -107*b**5/40 - 7*b**4/24 - 4*b**3/3 + 17*b. Let k(x) be the second derivative of i(x). Is k(-2) a prime number?
False
Suppose s = 2*s - 3*y - 2058, -2*y = -4*s + 8282. Suppose -q + 12 - 18 = 2*i, 0 = 4*q + 4*i + 8. Is s/q*(-6 + 140/21) a prime number?
True
Suppose 5*b = -2*j + 124536, 11*b - 10*b = j - 62275. Is j a prime number?
True
Let v = -5250 - -9540. Suppose t = -941 + v. Is t a composite number?
True
Suppose -413 = -k - 3*f + 9, 0 = -2*k - 5*f + 844. Suppose 8*r + 39 = 21*r. Suppose r*m - 1537 = k. Is m prime?
True
Let b(m) = 29*m**2 - 25. Let l be b(-9). Suppose -3*a - l = -17*a. Is a composite?
True
Let r = 108049 - 70772. Is r prime?
True
Let k be ((-75138)/56)/(3/8)*-5. Is k/8 - 69/(-92) a composite number?
False
Suppose -2*k + 3 = -m - 13, -5*k = 4*m - 14. Is k/30 + 1614/5 + 0 composite?
True
Let u = -28 + 15. Let k = u - -14. Let w(r) = 1937*r**3 - r**2 + 3*r - 2. Is w(k) a composite number?
True
Let k(a) = 24*a**2 + 6*a - 11. Let w be 21/(-6)*(1 + (-38)/14). Is k(w) a composite number?
True
Let j be 43696/50 + (-64)/(-800). Let w be (-2)/(1*2/(-291)). Let y = j - w. Is y a prime number?
False
Let u be (1 + 57/(-12) + 2)*-20. Suppose -u*z + 10755 = -26*z. Is z prime?
False
Suppose 7*z = 45842 - 119790. Let g = 55317 + z. Is g composite?
False
Suppose -29 = -8*p + 11. Suppose 5*j + 36*n = 40*n + 55931, 0 = 2*j - p*n - 22386. Is j a prime number?
False
Let q be (53437/(-5))/(18/(-90)). Suppose -7*g = -q - 10774. Is g a composite number?
False
Let c = 7008 - 587. Is c a prime number?
True
Let d be (1167*2)/((-3)/213*-2). Suppose -3*q + d + 58914 = 0. Suppose -8*r = -22639 - q. Is r a prime number?
True
Let i = -36 + 15. Let m(r) be the first derivative of 2*r**3/3 + 27*r**2/2 + 43*r + 186. Is m(i) a prime number?
False
Let m(n) be the third derivative of 137*n**6/60 - n**5/30 - n**4/24 + n**3/6 - 32*n**2. Is m(2) a composite number?
True
Let g(u) = 640*u**2 - u + 1. Let b = -54 + 50. Let v be 34/51 + (-3)/(9/b). Is g(v) a prime number?
False
Let b = 19341 - -8240. Is b composite?
False
Suppose -1437 = 3*u - 3*d, 0*d + 2435 = -5*u - 5*d. Is (-3)/(18/(-1154))*u/(-7) 